11100?
-20011
In base 9, what is -8 + 43137?
43128
In base 8, what is -23725 + -14?
-23741
In base 11, what is 2 + 1264a?
12651
In base 11, what is 693 - 132?
561
In base 10, what is -30 + -3253?
-3283
In base 9, what is -54425 - 0?
-54425
In base 3, what is 20000 - 1100120?
-1010120
In base 3, what is 2 - 2010202?
-2010200
In base 15, what is d + -137c?
-136e
In base 15, what is -a9 + -6da?
-794
In base 6, what is 10 - 4411411?
-4411401
In base 12, what is -2a28 - a?
-2a36
In base 14, what is d - -790?
79d
In base 6, what is 1410240 - -4?
1410244
In base 9, what is 40 - 55?
-15
In base 16, what is -5 - -117b0?
117ab
In base 3, what is -221 - 111020?
-112011
In base 8, what is 104 + 1210?
1314
In base 15, what is 23 - 12c?
-109
In base 10, what is -595 - 37?
-632
In base 8, what is -12600 + 3?
-12575
In base 14, what is -3a - -8c?
52
In base 12, what is b + 41a2?
41b1
In base 4, what is -1000320 - 10?
-1000330
In base 6, what is 3 - 110121?
-110114
In base 13, what is 4 + 50716?
5071a
In base 10, what is -278 + 368?
90
In base 2, what is -101011100100000100 - 0?
-101011100100000100
In base 3, what is -100100000 - 11020?
-100111020
In base 10, what is 848 + -859?
-11
In base 4, what is 103002320231 - 11?
103002320220
In base 5, what is 240 - -430?
1220
In base 2, what is 10010100100011110 - -100?
10010100100100010
In base 4, what is -2022 + -11200?
-13222
In base 5, what is -10211 - 11?
-10222
In base 11, what is -6 + 1922?
1917
In base 9, what is 42057 + 65?
42133
In base 11, what is 64253 + 5?
64258
In base 2, what is 101100010 + -100000010001?
-11010101111
In base 12, what is 4 + -957?
-953
In base 13, what is 4867 + 1?
4868
In base 7, what is 3 + 153121?
153124
In base 9, what is 5 - -1206?
1212
In base 6, what is -2 + -23213514?
-23213520
In base 15, what is 2be0 - 3?
2bdc
In base 5, what is -302041 + 23?
-302013
In base 7, what is -34 + 116432?
116365
In base 5, what is -440 - -240?
-200
In base 9, what is -5 - 3134118?
-3134124
In base 11, what is 6a - -217?
286
In base 6, what is 4 + -210355?
-210351
In base 2, what is -111 + -111110010101110?
-111110010110101
In base 9, what is -83 - 5052?
-5145
In base 3, what is -1220220200 + -22?
-1220220222
In base 8, what is -270 + 437?
147
In base 8, what is 2 + 1250544?
1250546
In base 8, what is -167565 + 3?
-167562
In base 6, what is 1 - -535223?
535224
In base 6, what is 501234 - -10?
501244
In base 12, what is -73130 - -3?
-73129
In base 10, what is 271077 + -2?
271075
In base 12, what is -92263 + -a?
-92271
In base 7, what is -2 - 1634446?
-1634451
In base 11, what is -a26 + 701?
-325
In base 13, what is -1 + a90?
a8c
In base 16, what is -1d2a - 4?
-1d2e
In base 16, what is 1 - -102d?
102e
In base 13, what is -aa27 + -4?
-aa2b
In base 3, what is 101021 + -220?
100101
In base 14, what is 19a06 + 3?
19a09
In base 15, what is -d - 18c2?
-18d0
In base 15, what is -1e - -7870?
7851
In base 13, what is -381 + -43?
-3c4
In base 12, what is -14821 - -a?
-14813
In base 3, what is -10020 - 102012200?
-102022220
In base 7, what is -14 + -515?
-532
In base 3, what is 110101100 + 0?
110101100
In base 7, what is 2 - -1044036?
1044041
In base 6, what is 3 + -2231220?
-2231213
In base 15, what is 0 - 14038?
-14038
In base 5, what is 410 + 4002?
4412
In base 7, what is -1500 - 42?
-1542
In base 8, what is 152 - -2270?
2442
In base 2, what is 110100 - 1011101?
-101001
In base 7, what is 2 + 6650220?
6650222
In base 6, what is -5 + 31525?
31520
In base 3, what is 222011 + -20010211?
-12011200
In base 16, what is 6811 - -17?
6828
In base 12, what is -16 - -39?
23
In base 6, what is -2 + -332001?
-332003
In base 5, what is 4242 + -3411?
331
In base 7, what is -21122 - -10?
-21112
In base 7, what is 263 + -112656?
-112363
In base 15, what is -273e - 5?
-2744
In base 10, what is 4128 + 23?
4151
In base 13, what is 25 - 1432?
-140a
In base 5, what is 143323 + 1433?
200311
In base 11, what is 2 + -12509?
-12507
In base 12, what is 548 + 22?
56a
In base 11, what is -547 - -342?
-205
In base 15, what is 7 + -2107d?
-21076
In base 11, what is -a - -a54?
a45
In base 5, what is 1241120 + 3?
1241123
In base 16, what is 5 + -b6f2?
-b6ed
In base 15, what is b08 + -10?
ae8
In base 12, what is 720 - 1b?
701
In base 6, what is -51122235 + 5?
-51122230
In base 12, what is 20 + 1255a?
1257a
In base 14, what is -b27 + 37?
-ad0
In base 2, what is 111101 + -1000010000111001?
-1000001111111100
In base 8, what is -123621 + -52?
-123673
In base 4, what is 10 + -1032322313?
-1032322303
In base 15, what is 3 - 4417?
-4414
In base 12, what is 2 - b988?
-b986
In base 12, what is 120 + 637a?
649a
In base 5, what is 4312303 + -2?
4312301
In base 14, what is -1a6d2 + -6?
-1a6d8
In base 4, what is 10 - -1103222032?
1103222102
In base 4, what is 120133000 - 1?
120132333
In base 13, what is 34792 - -3?
34795
In base 9, what is -33518 + 57?
-33451
In base 6, what is 241255 + -111?
241144
In base 15, what is 7 + -93e7?
-93e0
In base 7, what is -4 + -1061250?
-1061254
In base 13, what is 4 + 6ac9c?
6aca3
In base 14, what is -729 - 36?
-761
In base 12, what is -1460 + -143?
-15a3
In base 7, what is 5 + 20512320?
20512325
In base 9, what is -22 + -84557?
-84580
In base 4, what is -10 - 2013312100?
-2013312110
In base 6, what is 11524131 + 13?
11524144
In base 7, what is -13 - -25560?
25544
In base 16, what is 111545 - -4?
111549
In base 7, what is 1563606 - 3?
1563603
In base 4, what is -10101 + -120?
-10221
In base 8, what is -103230 + 30?
-103200
In base 12, what is -4479a + 2?
-44798
In base 14, what is 1 - -53082?
53083
In base 15, what is -160 - c5?
-235
In base 2, what is -10010101000 - 10100?
-10010111100
In base 16, what is -18ec + 0?
-18ec
In base 2, what is 100101011 + -1010110?
11010101
In base 6, what is 42235 - -132?
42411
In base 2, what is 101 + -10100100000010101110?
-10100100000010101001
In base 3, what is -12 - 11000022101?
-11000022120
In base 16, what is 38 - -436?
46e
In base 2, what is 110110110 + 10001111101?
11000110011
In base 10, what is -2606 + -4?
-2610
In base 14, what is -61cc + -1?
-61cd
In base 10, what is -3 + -507633?
-507636
In base 3, what is -1002100 - 1110012?
-2112112
In base 4, what is 11122 + -210?
10312
In base 2, what is 11100100101 + -111100?
11011101001
In base 4, what is 11030221 - -2?
11030223
In base 9, what is 18 + 47?
66
In base 5, what is 4421044 - -4?
4421103
In base 7, what is -5416 + 31?
-5355
In base 2, what is 100 - -100011001100101101?
100011001100110001
In base 8, what is 46 + 2213?
2261
In base 7, what is -34 - 1556?
-1623
In base 3, what is -100 + 11001002?
11000202
In base 9, what is 1507750 - -3?
1507753
In base 11, what is 452 - 1830?
-1389
In base 8, what is -15 + 103254?
103237
In base 3, what is 2101201120 + -12?
2101201101
In base 8, what is 4745415 - -4?
4745421
In base 4, what is 10 + -310033230?
-310033220
In base 4, what is -20113233 - -102?
-20113131
In base 2, what is -1011 + 100001111000001101?
100001111000000010
In base 2, what is 11000 - 110011?
-11011
In base 8, what is -1074301 - -3?
-1074276
In base 15, what is 13c7 + -3?
13c4
In base 14, what is 3a + -531?
-4d5
In base 16, what is -10bc1 - -4?
-10bbd
In base 3, what is 20022 + 1022?
21121
In base 5, what is 1234 + -4330?
-3041
In base 12, what is -5 + 50b18?
50b13
In base 12, what is 4193 + -5?
418a
In base 15, what is -2 - e768?
-e76a
In base 5, what is -11003 - -202040?
141032
In base 5, what is -11233 - 13040?
-24323
In base 12, what is 1720b5 + 10?
172105
In base 8, what is 205 + 2670?
3075
In base 8, what is 30 + -1141?
-1111
In base 11, what is -37758 + 4?
-37754
In base 14, what is -4 - 2615?
-2619
In base 5, what is 20343 - -130?
21023
In base 7, what is 1 - -1043?
1044
In base 5, what is 20 + 41120?
41140
In base 8, what is -1 - -27277?
27276
In base 11, what is 34836 + -4?
34832
In base 4, what is -20232301 - 31?
-20232332
In base 3, what is -21100120 + 21?
-21100022
In base 5, what is 42 + -34440?
-34343
In base 4, what is 10323 - -1002113?
1013102
In base 9, what is 17381 - -258?
17650
In base 13, what is 5 + -30667?
-30662
In base 15, what is 3 + 5c0d?
5c11
In base 14, what is -b8 + 58?
-60
In base 14, what is 5 + -224ab?
-224a6
In base 2, what is 10001001000100 - -101?
10001001001001
In base 12, what 